.
2
Let y(t) = -t**2 + t + 4. Suppose r = x + 9, 0*x + 4*x = 5*r - 43. Let q = -254 - -262. Suppose r*a = q - 29. What is y(a)?
-8
Let d(q) be the first derivative of 5*q**2/2 + 149*q - 4676. What is d(-29)?
4
Suppose 5*o = 0, -5*o + 2 = -2*i + 4. Let k be -3*(-8 - (-7 + i)). Let x(h) = -h**3 + 6*h**2 - 2. Give x(k).
-2
Let f(d) = -552*d**3 - 4*d + 2 + 553*d**3 + 2 + 0 - d**2. Give f(2).
0
Let k be (-3 + 3)*(-2)/(-4). Suppose -6 = -3*h - k. Let m(b) be the second derivative of b**3/6 - 2*b**2 - b + 57. Calculate m(h).
-2
Let v(r) = 7*r - 3. Let i(a) be the first derivative of 2*a**2 - a - 50. Let q(l) = 7*i(l) - 3*v(l). Give q(-3).
-19
Suppose 6 = 3*p, 6*r - 61 = 3*p + 83. Let w(o) = -o**3 + 23*o**2 + 53*o - 76. Calculate w(r).
-1
Let w(u) = 5*u**2. Suppose -42 = 7*v - 7. Let x be 1 - (v - (-4 + 2)). Suppose t - 3 = -x. Give w(t).
5
Let u(x) be the third derivative of 0 + 0*x + 13/6*x**3 + 81*x**2 + 1/4*x**4. Give u(-9).
-41
Let b(s) = 3*s + 3. Let j(p) be the first derivative of p**3/3 - 5*p**2 + 11*p - 19. Let k be j(8). Give b(k).
-12
Let q(d) = -6*d + 541. Let p(a) = -3*a + 216. Let s(z) = 12*p(z) - 5*q(z). Give s(-18).
-5
Let j(p) = -p**2 + 6*p + 2. Let a be j(7). Let r(g) be the first derivative of g**2/2 + 4*g + 40912. What is r(a)?
-1
Let h(p) = 3*p - 9. Suppose -3*m = -2*m + 8. Let w(v) = -304*v + 1 + 1 + 303*v + 1. Let o(l) = m*w(l) - 3*h(l). Calculate o(8).
-5
Let s be (3 - 6)*(1 - (-6)/(-3)). Let z(q) = -5*q - q - q**2 + 3*q**2 + 4. Let u(w) = -2*w**2 + 6*w - 4. Let r(x) = s*z(x) + 4*u(x). Determine r(4).
-12
Let r be (270/180)/(3/(-20)). Let n(o) = -o**3 - 8*o**2 + 17*o - 3. Calculate n(r).
27
Let d(r) = r**3 - 2*r**2 + 4. Suppose -2*s = -5 - 17. Suppose 55 - 120 = -5*o. Suppose 0 = -s*t + o*t - 6. Determine d(t).
13
Let g be 34/10 + (-3)/(-5). Suppose 0 = b + 6 + g. Let y(x) = -3*x + 10. Let v(r) = -5*r + 18. Let p(a) = 4*v(a) - 7*y(a). Calculate p(b).
-8
Let h(t) = t - 2. Let s(x) be the first derivative of x + 43. Let l(j) = h(j) - 4*s(j). Give l(0).
-6
Let z = -11376 + 11376. Let v(j) be the third derivative of 3/2*j**3 - 7*j**2 - 1/3*j**4 + z*j + 0 - 1/60*j**5. Determine v(-7).
16
Suppose -20 = 3*v + v. Let c be 9/(0 - 3) - -156. Let s(d) = -155 + 304 - c - 2*d. Calculate s(v).
6
Let x(s) = s**3 + 3*s**2 + 3*s + 1. Suppose -5*o = -3*o - 78. Suppose o*b - 43*b = -8. Let a be 80/(-35) + b + 19/(-7). Calculate x(a).
-8
Let z(j) be the first derivative of -j**4/4 + 7*j**3/3 - 19*j**2/2 + 81*j - 1624. What is z(6)?
3
Let n(r) = r**3 - r**2 + r + 6. Let l be (-1400)/(-7700) - (8/22)/2. Calculate n(l).
6
Suppose -5*h + 60 = -9*h. Let a be -1 - h/6 - 190/20. Let n(z) = z**2 + 10*z + 15. Give n(a).
-1
Let n(o) = -2*o + 12. Let c(j) = -37*j - 345. Let x be c(-12). Suppose 717*g - 726*g + x = 0. Give n(g).
-10
Let j(g) = 11*g**2. Let s be j(-1). Let o(h) = -17*h**2 + 9 + h - h + 8*h**2 + 10*h**2 - 11*h. Determine o(s).
9
Let s be 2/6 + 16/6. Let d be (1*(-2)/(-5))/(3/15). Let j(a) = a**d + 41*a - 2*a**2 + a**3 + 3 - 2*a**2 - 42*a. Determine j(s).
0
Let s = -186 + 194. Let f(v) be the second derivative of -v**3/6 + 9*v**2/2 - v + 220. Calculate f(s).
1
Let c(p) = -481*p + 11 - 2 - 11 + 468*p. Determine c(-2).
24
Suppose -502 = 47*t - 126. Let d(r) = -2*r**3 + 10*r**2 - 10*r + 2. Let o(s) = 3*s**3 - 11*s**2 + 11*s - 1. Let g(z) = -4*d(z) - 3*o(z). Determine g(t).
3
Let y(x) = -x**3 + x**2 + 4*x - 3. Let w = -643 + 650. Suppose 0 = -3*h + 2 + w. Give y(h).
-9
Let y(w) = -w - 20. Let i(f) = -8*f + 103. Let h(l) = i(l) + 2*y(l). Calculate h(7).
-7
Let n(a) be the second derivative of -16*a**5/5 + a**4/6 + a**3/2 + a**2/2 + 411*a - 3. Give n(-1).
64
Let r(k) = 5*k**2 - 3*k - 18. Let x be r(-5). Suppose 39*v = 41*v - x. Let b = -68 + v. Let n(h) = h**2 + 6*h + 9. Calculate n(b).
16
Let g = 31 - 32. Let n(v) = -3*v**3 + v**2 - 6*v - 6. Let q be n(g). Let i(f) = f**3 - 6*f**2 + 2*f + 5. Calculate i(q).
-19
Let c(o) = -3*o - 15. Let r(d) = -7*d - 31. Let x(f) = 9*c(f) - 4*r(f). Suppose -38*t + 387 = 5*t. Give x(t).
-2
Let h(d) be the second derivative of d**4/12 + 17*d**3/6 + 38*d**2 + 4440*d. What is h(-6)?
10
Let q(j) be the second derivative of -j**3/6 + j**2/2 + 11472*j. Let y(s) = s**2 - 4*s - 1. Let t be y(4). Give q(t).
2
Let o(y) = -2*y. Let v be ((-871)/39)/(-2*1/18). Let b = v - 194. Determine o(b).
-14
Let s(f) be the third derivative of f**4/24 + f**3/3 + 13400*f**2. Suppose -2*w + 23 = -5*u + 2*w, 0 = 5*u - w + 32. Give s(u).
-5
Let c(b) = b**2 - 10*b - 1. Suppose 2*h = 4*h + 6, 4*z - 3*h = 57. Suppose z = y + o, y - 2*o = -0*y + 6. Determine c(y).
-1
Let a = -6 + 9. Let n(i) = 14*i**3 + 6*i**2 + 15*i**3 + 2*i**2 - 28*i**a + 4. Suppose -5*l = -2*v - 12 + 44, -5*l - 3*v = 52. Calculate n(l).
4
Suppose 0 = 309*u - 306*u - 15. Suppose 2*j = u*q - 25, -3*j + 13 = 4*q - 7. Let f(l) be the first derivative of l**3/3 - l**2/2 - 4*l + 1. Determine f(j).
-4
Let t(j) = -6*j**2 + 2*j + 208*j**3 + 3 - 418*j**3 + j**2 + 211*j**3. Let h(b) = -b**3 + 10*b**2 - 8*b + 7. Let n be h(9). Suppose -4*q + n = -0. What is t(q)?
-5
Let t be (3/2 + (-189)/42)*-3. Let i(y) = 13*y - y**2 + t + 0*y**2 - 21 + 32. Give i(14).
6
Let l(q) be the second derivative of -8*q**3/3 + 9*q**2/2 - 248*q. What is l(1)?
-7
Let u(c) = c - 5. Let z(h) = 3. Let q(o) = 2*u(o) + 5*z(o). Suppose 18*t + 3*b = 15*t - 21, -4*b + 7 = -3*t. What is q(t)?
-5
Let j(d) = -140*d + 11058. Let l be j(79). Let t(k) = 52*k + 103. Give t(l).
-1
Let r(y) = -327926*y**2 + 327934*y**2 + 2 - 9*y + 1 - y**3. Give r(5).
33
Suppose -h = 4*q - 19, 10 = -5*q + 4*h + 60. Let d(w) = 1 - 17*w + 9 + 14*w - 1 + q. Give d(-11).
48
Let o(f) be the second derivative of f**5/20 + f**4/3 + f**3/6 + f**2 - 14*f. Suppose -11*q = 4 + 51. Determine o(q).
-28
Suppose 31914 = 10*m - m. Let o(z) = m*z + 2 - 1 - 3547*z. Let t(d) = 4*d**3 - 2*d - 1. Let i be t(-1). Give o(i).
4
Let m(l) = -15*l - 1. Suppose -i - 18 = 3*s + 2*i, -2*i + 33 = -3*s. Let b be (s/6)/(-2 - (-44)/24). Let g be b/(-7) + (-16)/(-56). Give m(g).
14
Let h(w) = -w**3 + 6*w**2 - 6*w + 6. Let m = 484 - 461. Suppose -2*o + 3*l = 2, m = 3*o + 4*l - 8. Calculate h(o).
1
Let x(o) = 4*o**2 + o - 5. Let s(n) = -n**2 + 1. Let z(r) = 3*s(r) + x(r). Let m(c) = -c**2 - c. Let f(g) = -2*m(g) + z(g). Determine f(-3).
16
Let d(r) = 86*r**2 - 35*r - 17. Let q be d(-10). Let i(y) = -2*y**2 - q*y + 7 + 8924*y + 3*y**2. What is i(8)?
-1
Let t(c) be the second derivative of -7*c**6/360 - c**5/60 + c**4/24 - 4*c**3/3 - 3*c**2 + 4*c - 18. Let z(j) be the second derivative of t(j). Give z(1).
-8
Let g(r) = -4*r**2 - 5*r + 7. Let b(o) = o**2 + 3*o - 4. Suppose -2*c + 2 = 2*y, 0 = 18*y - 17*y - 4*c - 21. Let s(d) = y*b(d) + 2*g(d). What is s(3)?
-18
Let q(z) = -44*z**3 - 45*z**3 + 90*z**2 + 1 - 46*z**3 - 10*z - 85*z**2 + 136*z**3. Calculate q(-8).
-111
Let u(z) be the second derivative of -1/12*z**4 + 1/2*z**3 + 0 + 2*z**2 + 3*z. What is u(3)?
4
Let b(k) = 15*k - 137. Let q(a) = 22*a - 194. Let h(m) = -7*b(m) + 5*q(m). Give h(3).
4
Let y(a) = -6*a + 26. Let z be y(-5). Suppose z*u + 50 = 51*u. Let v(b) = 3*b + 15. Determine v(u).
-15
Let n = 80 + -75. Let a(g) = g**3 - 7*g**2 + 13*g - 11. Let z be a(n). Suppose -4*p + z*s = 16, 16 = -4*p - s - 5. Let w(d) = -d**2 - 4*d + 1. Give w(p).
-4
Let l(i) = -i**3 - 10*i**2 + 41*i + 15. Let f be ((-364)/(-56))/((-2)/4). Let m be l(f). Let o(p) = -p**2 - 11*p + 2. What is o(m)?
2
Let r be (-7)/(-11 + 25) - 9/(-2). Suppose -21 = -3*j + 2*o, -6 = -r*j + o + 27. Let u(q) = -q**3 + 10*q**2 - 9*q - 1. What is u(j)?
-1
Let m(x) = -x**2 - 2*x + 3. Let q be -4*(-4 - 2 - -5). Suppose -q*a - 4*l = 0, -2*a + 2*l - 7 = 9. What is m(a)?
-5
Let d(v) = 4*v + 2. Let b(c) = -31*c + 222. Let a be b(7). Suppose -97*q = -98*q + a. Calculate d(q).
22
Let w(d) = -d**2 - d + 2. Let n(p) = p + 4. Let o be n(-3). Suppose 2*s + 3*z = 1, s + 3*z + o = -3*s. Let u be s/2*(3 - 3). Determine w(u).
2
Let n(h) = 4*h + 36. Let i be n(-9). Let r(p) = -6*p + 7 - 41*p**2 - p**3 + 47*p**2 + i*p**3. Calculate r(5).
2
Let m(b) = b**3 + 5*b**2 - 8*b - 7. Suppose -17*j = 4*q - 18*j - 49, -j = -5*q + 60. Suppose -21 = -q*a - 87. Calculate m(a).
5
Let p(t) = t**2 + t - 1. Let i = 46 - 51. Let h(m) = 14*m**2 + 4*m - 5. Suppose 0 = -5*a + 10, -a - 9 = -3*f - 4*a. Let w(z) = f*